588278.
2, 29, 113591
List the prime factors of 1031030.
2, 5, 7, 11, 13, 103
What are the prime factors of 678645?
3, 5, 11, 457
List the prime factors of 725426.
2, 13, 27901
What are the prime factors of 1618287?
3, 11, 19, 29, 89
What are the prime factors of 302169?
3, 7, 14389
What are the prime factors of 3718856?
2, 464857
List the prime factors of 2488.
2, 311
List the prime factors of 51523.
67, 769
List the prime factors of 491526.
2, 3, 7, 47, 83
What are the prime factors of 2598669?
3, 109, 883
What are the prime factors of 241375?
5, 1931
List the prime factors of 2975707.
7, 425101
List the prime factors of 5698887.
3, 103, 18443
What are the prime factors of 3824698?
2, 397, 4817
What are the prime factors of 570426?
2, 3, 95071
What are the prime factors of 180747?
3, 7, 19, 151
What are the prime factors of 202241?
13, 47, 331
List the prime factors of 695132.
2, 173783
List the prime factors of 8317063.
17, 489239
List the prime factors of 1413776.
2, 7, 13, 971
What are the prime factors of 11331698?
2, 7, 809407
List the prime factors of 1216066.
2, 608033
What are the prime factors of 219970?
2, 5, 21997
What are the prime factors of 174980?
2, 5, 13, 673
List the prime factors of 8711108.
2, 7, 311111
List the prime factors of 804742.
2, 402371
List the prime factors of 4740980.
2, 5, 223, 1063
List the prime factors of 11663012.
2, 2915753
What are the prime factors of 579606?
2, 3, 96601
What are the prime factors of 4711576?
2, 588947
What are the prime factors of 2088888?
2, 3, 87037
List the prime factors of 268414.
2, 134207
What are the prime factors of 9158488?
2, 251, 4561
List the prime factors of 826496.
2, 11, 587
List the prime factors of 4201626.
2, 3, 11, 13, 59, 83
What are the prime factors of 293176?
2, 13, 2819
List the prime factors of 29445269.
7, 19, 221393
What are the prime factors of 2777858?
2, 569, 2441
List the prime factors of 16132021.
251, 64271
List the prime factors of 1628063.
1628063
List the prime factors of 367197.
3, 122399
List the prime factors of 82895.
5, 59, 281
List the prime factors of 62000.
2, 5, 31
What are the prime factors of 3987560?
2, 5, 99689
What are the prime factors of 179990?
2, 5, 41, 439
What are the prime factors of 208817?
7, 23, 1297
What are the prime factors of 9034527?
3, 61, 49369
List the prime factors of 474233.
97, 4889
What are the prime factors of 8895858?
2, 3, 67, 22129
List the prime factors of 5065862.
2, 2532931
List the prime factors of 10519999.
7, 61, 71, 347
What are the prime factors of 997589?
997589
List the prime factors of 417702.
2, 3, 43, 1619
What are the prime factors of 19723395?
3, 5, 1314893
What are the prime factors of 2592817?
1051, 2467
List the prime factors of 1418511.
3, 472837
What are the prime factors of 10906851?
3, 3635617
List the prime factors of 3358118.
2, 1679059
What are the prime factors of 434617?
613, 709
List the prime factors of 1562262.
2, 3, 13, 20029
List the prime factors of 8308637.
8308637
What are the prime factors of 4813099?
19, 253321
List the prime factors of 49959.
3, 7, 13, 61
List the prime factors of 1100602.
2, 37, 107, 139
What are the prime factors of 668377?
61, 10957
What are the prime factors of 245910?
2, 3, 5, 7, 1171
What are the prime factors of 568997?
11, 13, 23, 173
What are the prime factors of 854586?
2, 3, 197, 241
What are the prime factors of 331682?
2, 13, 12757
List the prime factors of 4994814.
2, 3, 11, 75679
List the prime factors of 5191859.
23, 225733
List the prime factors of 27743317.
7, 733, 5407
What are the prime factors of 5339036?
2, 23, 131, 443
List the prime factors of 20361665.
5, 17, 421, 569
What are the prime factors of 21976666?
2, 10988333
List the prime factors of 4335747.
3, 13, 107, 1039
List the prime factors of 2552192.
2, 127, 157
List the prime factors of 226342.
2, 113171
List the prime factors of 429764.
2, 107441
List the prime factors of 18016385.
5, 3603277
What are the prime factors of 24431055?
3, 5, 11, 19, 7793
What are the prime factors of 324482?
2, 19, 8539
List the prime factors of 1959331.
11, 59, 3019
List the prime factors of 4903452.
2, 3, 136207
List the prime factors of 1019992.
2, 59, 2161
What are the prime factors of 1928202?
2, 3, 321367
List the prime factors of 10502277.
3, 17, 43, 4789
What are the prime factors of 3049514?
2, 13, 53, 2213
List the prime factors of 12502790.
2, 5, 101, 12379
What are the prime factors of 295464?
2, 3, 13, 947
What are the prime factors of 646447?
41, 15767
What are the prime factors of 5105273?
61, 127, 659
What are the prime factors of 80218?
2, 19, 2111
List the prime factors of 744396.
2, 3, 17, 41, 89
List the prime factors of 27132242.
2, 41, 409, 809
List the prime factors of 374189.
374189
What are the prime factors of 14070657?
3, 4690219
List the prime factors of 16953082.
2, 73, 83, 1399
List the prime factors of 3922542.
2, 3, 13, 16763
List the prime factors of 522183.
3, 174061
What are the prime factors of 122291?
13, 23, 409
What are the prime factors of 6211534?
2, 7, 241, 263
List the prime factors of 7429771.
29, 256199
What are the prime factors of 374905?
5, 97, 773
What are the prime factors of 769680?
2, 3, 5, 1069
What are the prime factors of 464980?
2, 5, 67, 347
What are the prime factors of 4807924?
2, 11, 113, 967
What are the prime factors of 330975?
3, 5, 1471
List the prime factors of 224030.
2, 5, 43, 521
List the prime factors of 4695077.
17, 276181
What are the prime factors of 1018982?
2, 577, 883
What are the prime factors of 1478720?
2, 5, 4621
What are the prime factors of 529279?
29, 18251
List the prime factors of 518565.
3, 5, 181, 191
List the prime factors of 197718.
2, 3, 31, 1063
List the prime factors of 38627.
19, 107
List the prime factors of 58657.
58657
List the prime factors of 5755833.
3, 29, 7351
What are the prime factors of 3817491?
3, 643, 1979
List the prime factors of 45814.
2, 22907
List the prime factors of 277274.
2, 138637
What are the prime factors of 734985?
3, 5, 16333
What are the prime factors of 258063?
3, 13, 509
What are the prime factors of 491083?
491083
List the prime factors of 19647326.
2, 29, 338747
List the prime factors of 3738810.
2, 3, 5, 17, 7331
What are the prime factors of 1829424?
2, 3, 38113
What are the prime factors of 220784?
2, 13799
List the prime factors of 24485541.
3, 29, 431, 653
List the prime factors of 72918.
2, 3, 4051
What are the prime factors of 270755?
5, 54151
What are the prime factors of 1778501?
31, 103, 557
List the prime factors of 4127103.
3, 458567
List the prime factors of 585431.
7, 11, 7603
What are the prime factors of 9115?
5, 1823
What are the prime factors of 10897455?
3, 5, 726497
What are the prime factors of 90070?
2, 5, 9007
List the prime factors of 41625692.
2, 10406423
What are the prime factors of 77709?
3, 25903
List the prime factors of 858985.
5, 149, 1153
What are the prime factors of 32550916?
2, 1723, 4723
List the prime factors of 48895.
5, 7, 11, 127
List the prime factors of 375725.
5, 7, 19, 113
What are the prime factors of 24812?
2, 6203
What are the prime factors of 171606?
2, 3, 37, 773
What are the prime factors of 594027?
3, 7, 449
List the prime factors of 331534.
2, 7, 17, 199
List the prime factors of 63239.
11, 5749
List the prime factors of 899313.
3, 299771
List the prime factors of 8141044.
2, 19, 107119
List the prime factors of 1678184.
2, 89, 2357
List the prime factors of 19341537.
3, 6447179
What are the prime factors of 349494?
2, 3, 31, 1879
What are the prime factors of 1444855?
5, 19, 67, 227
List the prime factors of 557880.
2, 3, 5, 4649
What are the prime factors of 2084587?
229, 9103
What are the prime factors of 7070284?
2, 13, 10459
List the prime factors of 6881256.
2, 3, 31, 3083
List the prime factors of 17113771.
23, 744077
List the prime factors of 71023.
71023
List the prime factors of 1233392.
2, 157, 491
What are the prime factors of 103824?
2, 3, 7, 103
List the prime factors of 4491260.
2, 5, 224563
List the prime factors of 6051646.
2, 37, 53, 1543
What are the prime factors of 314557?
31, 73, 139
What are the prime factors of 2463937?
7, 351991
List the prime factors of 2956581.
3, 23
What are the prime fact